nd 49?
49
Calculate the highest common divisor of 231 and 168.
21
Calculate the greatest common divisor of 2751 and 28.
7
What is the highest common divisor of 525 and 45?
15
What is the highest common divisor of 301 and 129?
43
What is the highest common factor of 552 and 48?
24
What is the highest common factor of 4171 and 97?
97
Calculate the greatest common divisor of 81 and 3807.
81
Calculate the greatest common factor of 209 and 187.
11
Calculate the highest common divisor of 3000 and 96.
24
Calculate the highest common factor of 1275 and 357.
51
What is the highest common factor of 2176 and 512?
128
Calculate the greatest common factor of 119 and 21.
7
What is the greatest common divisor of 86 and 645?
43
What is the greatest common factor of 5 and 125?
5
Calculate the greatest common divisor of 12 and 12.
12
Calculate the greatest common divisor of 330 and 13068.
66
What is the highest common divisor of 14337 and 354?
177
Calculate the highest common divisor of 8 and 808.
8
What is the highest common divisor of 1924 and 1300?
52
Calculate the highest common factor of 25853 and 753.
251
Calculate the highest common divisor of 57 and 76.
19
What is the highest common factor of 720 and 5976?
72
What is the greatest common divisor of 154 and 14?
14
What is the greatest common divisor of 12 and 58?
2
What is the highest common divisor of 144 and 45?
9
Calculate the highest common factor of 244 and 61.
61
Calculate the greatest common factor of 204 and 48.
12
What is the greatest common divisor of 1058 and 23?
23
What is the highest common divisor of 272 and 17?
17
What is the greatest common divisor of 315 and 210?
105
Calculate the greatest common factor of 4900 and 196.
196
What is the highest common divisor of 2024 and 968?
88
Calculate the greatest common divisor of 75 and 120.
15
What is the greatest common divisor of 18 and 126?
18
Calculate the greatest common divisor of 16 and 3.
1
What is the highest common divisor of 52 and 76?
4
Calculate the greatest common factor of 37 and 148.
37
Calculate the greatest common divisor of 37 and 1.
1
What is the greatest common divisor of 17005 and 285?
95
Calculate the greatest common divisor of 78 and 546.
78
What is the greatest common divisor of 700 and 300?
100
Calculate the highest common divisor of 9 and 1152.
9
What is the greatest common divisor of 252 and 224?
28
Calculate the greatest common factor of 57 and 1748.
19
Calculate the greatest common factor of 112 and 28.
28
Calculate the greatest common divisor of 12 and 52.
4
Calculate the greatest common factor of 2730 and 168.
42
Calculate the highest common factor of 1024 and 64.
64
Calculate the highest common factor of 1550 and 5450.
50
Calculate the greatest common factor of 6425 and 25.
25
What is the highest common factor of 975 and 234?
39
What is the greatest common factor of 4294 and 2034?
226
Calculate the highest common divisor of 380 and 152.
76
Calculate the greatest common divisor of 3212 and 44.
44
What is the greatest common divisor of 976 and 16?
16
What is the highest common factor of 138 and 18?
6
Calculate the highest common divisor of 437 and 171.
19
Calculate the greatest common factor of 664 and 415.
83
What is the highest common factor of 528 and 22?
22
What is the greatest common divisor of 29 and 232?
29
What is the greatest common factor of 189 and 35?
7
What is the greatest common factor of 860 and 820?
20
What is the highest common divisor of 336 and 294?
42
What is the greatest common divisor of 3 and 15231?
3
What is the greatest common factor of 8778 and 154?
154
Calculate the greatest common divisor of 27 and 6.
3
Calculate the greatest common divisor of 1027 and 869.
79
What is the greatest common factor of 4480 and 700?
140
What is the greatest common factor of 126 and 35?
7
Calculate the greatest common factor of 112 and 7.
7
What is the greatest common factor of 39 and 69771?
39
What is the greatest common divisor of 1725 and 75?
75
Calculate the highest common divisor of 26 and 22.
2
Calculate the highest common factor of 255 and 204.
51
What is the highest common divisor of 132 and 7788?
132
Calculate the greatest common divisor of 285 and 9.
3
What is the greatest common divisor of 76 and 4?
4
Calculate the greatest common factor of 345 and 1518.
69
What is the highest common divisor of 256 and 9344?
128
Calculate the greatest common divisor of 30 and 35.
5
Calculate the greatest common divisor of 31 and 899.
31
Calculate the highest common factor of 25731 and 27.
27
What is the highest common divisor of 407 and 481?
37
Calculate the greatest common factor of 1032 and 120.
24
Calculate the highest common divisor of 138 and 4002.
138
What is the highest common factor of 21 and 98?
7
Calculate the highest common factor of 39 and 3.
3
What is the highest common factor of 25488 and 24?
24
Calculate the highest common factor of 57 and 133.
19
Calculate the greatest common divisor of 8 and 152.
8
Calculate the highest common divisor of 874 and 38.
38
Calculate the highest common factor of 4158 and 1512.
378
Calculate the highest common factor of 16380 and 90.
90
Calculate the greatest common divisor of 17395 and 355.
355
Calculate the greatest common divisor of 72 and 9.
9
What is the highest common divisor of 150 and 540?
30
Calculate the greatest common factor of 185 and 37.
37
What is the highest common divisor of 730 and 10?
10
Calculate the greatest common divisor of 8107 and 67.
67
Calculate the greatest common factor of 15 and 20985.
15
Calculate the highest common divisor of 920 and 138.
46
What is the greatest common factor of 34 and 544?
34
Calculate the highest common divisor of 30 and 3210.
30
What is the highest common divisor of 38 and 3667?
19
Calculate the highest common divisor of 174 and 464.
58
What is the highest common factor of 6 and 366?
6
What is the highest common divisor of 35 and 820?
5
Calculate the greatest common divisor of 57 and 3287.
19
Calculate the highest common factor of 108 and 63.
9
Calculate the greatest common divisor of 28 and 308.
28
What is the greatest common factor of 27 and 47331?
27
What is the greatest common factor of 143 and 1727?
11
Calculate the greatest common factor of 14264 and 40.
8
Calculate the highest common divisor of 6 and 98.
2
Calculate the highest common divisor of 6 and 16.
2
Calculate the highest common divisor of 22 and 77.
11
Calculate the greatest common divisor of 185 and 777.
37
What is the greatest common divisor of 48 and 408?
24
What is the highest common factor of 357 and 84?
21
What is the highest common factor of 182 and 154?
14
Calculate the greatest common divisor of 110 and 440.
110
What is the greatest common factor of 369 and 82?
41
Calculate the highest common factor of 1400 and 300.
100
What is the highest common divisor of 9216 and 432?
144
What is the greatest common factor of 8 and 28?
4
What is the greatest common divisor of 59858 and 346?
346
Calculate the greatest common factor of 8 and 92.
4
Calculate the highest common factor of 16 and 25768.
8
Calculate the greatest common divisor of 731 and 17.
17
What is the greatest common divisor of 88 and 132?
44
What is the greatest common divisor of 6 and 678?
6
Calculate the greatest common divisor of 1131 and 468.
39
Calculate the greatest common factor of 22 and 78.
2
Calculate the highest common divisor of 5324 and 44.
44
Calculate the greatest common factor of 77 and 176.
11
Calculate the greatest common divisor of 801 and 1424.
89
Calculate the highest common divisor of 581 and 83.
83
What is the greatest common divisor of 330 and 88?
22
What is the highest common factor of 2355 and 157?
157
Calculate the highest common divisor of 249 and 415.
83
What is the highest common divisor of 150 and 21?
3
Calculate the highest common divisor of 26 and 46.
2
What is the highest common divisor of 426 and 12?
6
Calculate the greatest common factor of 3910 and 690.
230
What is the greatest common factor of 48 and 192?
48
Calculate the highest common divisor of 69 and 1863.
69
What is the highest common factor of 282 and 108?
6
What is the greatest common factor of 129 and 19909?
43
Calculate the highest common divisor of 1116 and 93.
93
What is the highest common diviso